49 a prime number?
True
Is 155102407235 composite?
True
Is 2600576519 a composite number?
False
Is 13775738513 composite?
False
Is 18244457431 a composite number?
False
Is 28278749 composite?
True
Is 29025177373 a prime number?
True
Is 3253825307 composite?
False
Is 52477459 a composite number?
True
Is 39088086883 a prime number?
False
Is 6941595931 composite?
False
Is 36718426631 composite?
True
Is 237621719 a prime number?
True
Is 77549273 a prime number?
False
Is 3410503339 a prime number?
False
Is 765316483 a prime number?
True
Is 1666208737 a prime number?
True
Is 640678487 a composite number?
False
Is 7205237647 prime?
False
Is 104866367 a prime number?
False
Is 243092191 a composite number?
False
Is 123709631 a composite number?
False
Is 37836065213 composite?
False
Is 369989113 a composite number?
True
Is 1362109191 a prime number?
False
Is 1344344201 a prime number?
True
Is 6806035479 prime?
False
Is 725056571 composite?
True
Is 1534271927 composite?
True
Is 2393212091 composite?
False
Is 202096097639 a prime number?
True
Is 17777383367 prime?
True
Is 21671358497 a prime number?
True
Is 3627888661 a composite number?
True
Is 5724931 a composite number?
False
Is 128808139 a prime number?
True
Is 2020237081 a composite number?
False
Is 683001701 prime?
True
Is 2422096135 a prime number?
False
Is 542115591 a composite number?
True
Is 5799691633 a prime number?
True
Is 124018967 prime?
False
Is 844179153 prime?
False
Is 91047023341 composite?
True
Is 12508202669 a composite number?
False
Is 13848364687 a composite number?
False
Is 40844419943 composite?
True
Is 137019793 a prime number?
False
Is 1238073911 prime?
True
Is 3390561389 prime?
True
Is 4805017537 prime?
True
Is 1070271707 composite?
False
Is 4355513303 composite?
True
Is 4950036613 a composite number?
False
Is 1490370419 composite?
False
Is 1579671151 a composite number?
True
Is 350649707 a composite number?
False
Is 418873139 composite?
True
Is 20735421293 a prime number?
True
Is 2313748133 a composite number?
False
Is 1040136467 a prime number?
True
Is 8971926701 a prime number?
True
Is 204855107 prime?
False
Is 810685349 prime?
True
Is 25139799539 prime?
True
Is 82373012833 composite?
False
Is 18768705353 a composite number?
False
Is 32824483321 a composite number?
True
Is 6371027749 a composite number?
True
Is 101803089271 prime?
False
Is 260441446262 prime?
False
Is 2575192483 prime?
False
Is 277384697 prime?
True
Is 17831168419 a composite number?
False
Is 30299513063 prime?
False
Is 34504898557 a composite number?
False
Is 1890297349 composite?
True
Is 62274539 prime?
False
Is 537235645 prime?
False
Is 205534821 prime?
False
Is 844165327 prime?
False
Is 3616442231 a prime number?
True
Is 51546710063 composite?
True
Is 2808796819 a prime number?
False
Is 35363725919 a prime number?
True
Is 1333421431 a prime number?
False
Is 40812030451 a composite number?
True
Is 271253953 composite?
True
Is 67478237891 a prime number?
False
Is 172171627 a prime number?
False
Is 1291910651 a composite number?
True
Is 45854499881 composite?
True
Is 637227179 a composite number?
True
Is 30046296381 a composite number?
True
Is 119350243 composite?
True
Is 6302597069 a composite number?
False
Is 1017981959 composite?
False
Is 1543825793 a composite number?
False
Is 983431097 prime?
False
Is 66069719585 a prime number?
False
Is 5493333673 a prime number?
False
Is 72289436977 a composite number?
True
Is 1786606697 prime?
False
Is 7991074331 prime?
True
Is 7387228661 a composite number?
False
Is 2276524945 composite?
True
Is 9653815729 composite?
False
Is 20780525257 prime?
False
Is 204764227 prime?
True
Is 10154071 a composite number?
False
Is 16335871833 a composite number?
True
Is 1799831809 a composite number?
False
Is 134115313 a prime number?
True
Is 140739847 composite?
True
Is 5072227439 composite?
False
Is 333361979 a composite number?
True
Is 326311499 a prime number?
True
Is 3046925647 a composite number?
False
Is 730989877 composite?
True
Is 429385967 prime?
True
Is 34285318891 composite?
True
Is 287386601 a prime number?
False
Is 4530997803 prime?
False
Is 971946147 prime?
False
Is 23586922193 prime?
True
Is 2113767637 prime?
True
Is 16763355863 a prime number?
True
Is 1797277387 a prime number?
False
Is 1416516509 a prime number?
True
Is 421144769 prime?
False
Is 23381063 a composite number?
False
Is 1372237147 composite?
True
Is 1227349091 prime?
True
Is 2713147799 prime?
True
Is 26838709397 composite?
False
Is 5015745983 prime?
False
Is 2211845591 composite?
True
Is 9047477 composite?
True
Is 1384226563 prime?
False
Is 8245802183 a composite number?
True
Is 1644823181 a prime number?
False
Is 49525070549 a composite number?
False
Is 25639801511 a prime number?
True
Is 2926663237 a prime number?
False
Is 25490719 prime?
False
Is 41134627 a composite number?
False
Is 8358558701 composite?
False
Is 14387143469 a composite number?
True
Is 469647331 prime?
False
Is 541456217 composite?
False
Is 516943541 composite?
True
Is 1353623483 composite?
False
Is 1643181061 prime?
True
Is 4963380239 prime?
True
Is 751864361 a prime number?
True
Is 1617259823 a prime number?
True
Is 284436267 composite?
True
Is 1070187793 prime?
True
Is 834198317 a prime number?
True
Is 372011281 a prime number?
True
Is 90703217 a prime number?
False
Is 3541316417 a composite number?
True
Is 424675001 prime?
True
Is 3683300249 a prime number?
True
Is 126379768309 a prime number?
False
Is 426466583 a prime number?
False
Is 1420711067 composite?
False
Is 1532970847 a composite number?
True
Is 24717335059 a composite number?
True
Is 3561183151 composite?
True
Is 3739403009 composite?
False
Is 732382039 a composite number?
False
Is 106653049 prime?
True
Is 20346952007 a composite number?
False
Is 3961619 composite?
False
Is 12091298455 a prime number?
False
Is 16119787295 composite?
True
Is 2815266137 a prime number?
False
Is 1129142137 composite?
False
Is 2577271163 a composite number?
False
Is 6378339433 a composite number?
True
Is 3680175427 prime?
True
Is 1962550477 composite?
True
Is 6199353539 prime?
True
Is 128835770797 a composite number?
False
Is 8926865879 a prime number?
True
Is 5150093129 composite?
True
Is 224617908079 a prime number?
True
Is 58723792141 a prime number?
False
Is 886609421 a prime number?
False
Is 3181336051 prime?
False
Is 73943278069 prime?
True
Is 49569476773 prime?
True
Is 1615364963 a composite number?
True
Is 1599003443 composite?
True
Is 350894801 prime?
False
Is 789600523 a composite number?
False
Is 74164119979 a prime number?
True
Is 45368773295 prime?
False
Is 221666721 prime?
False
Is 14304412693 prime?
True
Is 34305936661 prime?
True
Is 2233012139 a composite number?
True
Is 15187958213 prime?
False
Is 1969651139 a prime number?
True
Is 14549465279 a prime number?
False
Is 6322584313 composite?
False
Is 19902148151 a prime number?
True
Is 184965824474 a prime number?
False
Is 3227122477 a composite number?
False
Is 54421481 a prime number?
True
Is 1842125921 a prime number?
False
Is 37514002637 composite?
False
Is 6225522379 a prime number?
False
Is 1879156901 composite?
False
Is 2430427 a prime number?
True
Is 24082951 composite?
False
Is 11450536939 a composite number?
False
Is 5056398829 prime?
True
Is 72087002103 composite?
True
Is 273174089 a prime number?
False
Is 1184331063 a prime number?
False
Is 1689179333 composite?
True
Is 12990239809 a composite number?
False
Is 6727512985 prime?
False
Is 550934191 composite?
False
Is 4551827807 a composite number?
True
Is 741472681 a prime number?
True
Is 1074867583 composite?
False
Is 43728541 prime?
True
Is 11779183469 a composite number?
False
Is 903324689 a prime number?
False
Is 3647200637 composite?
False
Is 32066574233 prime?
True
Is 959895793 a composite number?
True
Is 19321157561 composite?
False
Is 2206174147 composite?
False
Is 708921329 a prime number?
True
Is 227322649567 composite?
True
Is 5011464989 a prime number?
True
Is 131597101535 composite?
True
Is 55292648249 a prime number?
True
Is 9468597353 a prime number?
False
Is 8986468753 a prime number?
False
Is 8849288131 composite?
True
Is 99318157627 composite?
True
Is 28528067842 composite?
True
Is 90678613 composite?
False
Is 29623013 a prime number?
Fa